 - 1/6*r**3 + 1/2*r**2. Let u = 1 - -1. What is n(u)?
-1
Suppose -1284 = -46*x + 34*x. Let u(h) = 102*h**2 - 208*h**2 + x*h**2 - 13 - 1 + 11*h. Calculate u(-11).
-14
Let t(r) = -14*r**3 + r**2 + 13*r - 4. Let y(a) = -3*a + 1. Let q(z) = -t(z) - 4*y(z). Calculate q(-1).
-14
Suppose -6 = 3*h - 5*h. Let r(x) = 3*x**2 - 1 + 4 - 3*x + 0*x - 4*x**h. Let g(k) = -9*k**3 + 7*k**2 - 7*k + 7. Let o(n) = 3*g(n) - 7*r(n). Give o(1).
1
Let m be (3/2)/((-864)/(-960)). Let w(t) be the first derivative of -1 + 1/4*t**4 + 5/2*t**2 - m*t**3 + t. Determine w(4).
5
Suppose 74 + 82 = 34*c + 54. Let b(j) = -j**3 - j**2 + 2*j + 5. Determine b(c).
-25
Suppose -145*z + 156 + 764 = -385. Let y(i) = i**2 - 14*i + 16. Calculate y(z).
-29
Let b(p) = -8*p**2 + 15*p + 8. Let y(g) = 2*g**2 - 3*g - 2. Let w(x) = -b(x) - 5*y(x). Give w(-7).
-96
Let l(k) = k**2 + 3*k - 14. Let t be l(-6). Let v be (-2 + -1 - 4) + t. Let r(z) = -2 + 0 - 2*z - 1 - z. Give r(v).
6
Let y(p) be the third derivative of 0*p - 3*p**2 + 1 + 1/6*p**3 + 1/8*p**4. Suppose 0 = 2*s - 2*l + 1 + 1, 2*s = -3*l - 17. Give y(s).
-11
Let s(u) = 4*u - 14. Let a be s(6). Let p(d) = 4*d - 5*d + 20 + 3*d - a. Determine p(-8).
-6
Let d(x) be the second derivative of 5*x**4/3 + x**3 - 31*x**2/2 + 52*x. Let f(v) = 14*v**2 + 4*v - 22. Let h(j) = -5*d(j) + 7*f(j). Calculate h(-3).
-11
Suppose -3*z - 2*j = 2*j - 326, -2*z - j + 214 = 0. Let p = z - 104. Let u(h) = -h**3 + h**2 + 2*h - 3. Give u(p).
-3
Let c(m) be the first derivative of m**4/4 + m**2 - m - 1. Let v(g) = g**2 - 8*g - 8. Let y be v(9). Let k = 1 + y. What is c(k)?
11
Let h be 11/44 - (-700)/(-112). Let y(k) = k**3 + 7*k**2 + 3*k - 12. Give y(h).
6
Suppose 4*i - 13 = 15. Let a be (3 - 0)/(315/50 - 6). Let m(z) = a*z**2 + z**3 - 2*z**3 - 2*z**2 - 8*z - 8. Calculate m(i).
-15
Let h(m) = m + 34. Let a be h(-21). Let x(l) = 35 - 15 - a - 6 + l**2 + 10*l. Determine x(-10).
1
Let t(n) = -6*n**2 + 9*n**2 - 48*n**3 + 5 + 50*n**3. Let l be t(-2). Let a(b) = 20*b**3 + 4*b - 2 - 6*b + 3. Calculate a(l).
19
Suppose -3*j = -2*r - 26, 0 = -3*j + 5*r - 11 + 49. Let x(t) = 24*t - 11*t + 12 - j*t**3 + 5*t**3 - 10*t**2. Determine x(-11).
-10
Let u be (2 - (-20 + 4 + 4))*1. Let c be 24/u + (-8)/(-28). Let t be ((-2)/8)/(c + 41/(-20)). Let m(i) = -i**2 + 5*i - 6. Calculate m(t).
-6
Let d = 22 - 31. Let p(r) = 0*r - 686 + 248 + r + 222 + 238. What is p(d)?
13
Suppose q + 2*q + 5*n - 25 = 0, 2*n - 19 = -3*q. Suppose -5*f + 2 = -8. Let g(k) = -23*k + 18*k - 4*k**2 + f + 3 + k**3. Calculate g(q).
5
Let a(x) = 2*x + 8 + 6*x**2 - 7*x - 3 - x**3 + x. Let z(b) be the first derivative of 2*b**3/3 - 9*b**2 + 6*b - 19. Let y be z(9). What is a(y)?
-19
Let v(i) be the third derivative of i**5/60 + 3*i**4/8 - 10*i**3/3 - 24*i**2 + 1. Calculate v(3).
16
Let n(b) = 78*b**3 + 15*b**2 - 12*b - 26. Let r(t) = -13*t**3 - 2*t**2 + 2*t + 4. Let o(d) = -2*n(d) - 13*r(d). Give o(2).
84
Let u(x) = -13*x - 165 + 89*x**2 - 9*x**2 - 79*x**2. Calculate u(21).
3
Let u(d) be the second derivative of -d**4/4 - d**3 + 7*d**2/2 + 613*d. Calculate u(-5).
-38
Suppose -i = 3*i - 12, -2*j = i - 1583. Let b(p) = -783 + 1568 - p**2 - 8*p - j. What is b(-8)?
-5
Let d(f) = 56 + 31*f - 30 - 28*f. Give d(-20).
-34
Let x(f) = -2*f**2 - f - 1. Let w(j) = -j**3 - 19*j**2 - 11*j - 9. Let l(g) = -w(g) + 6*x(g). Suppose 0 = 19*u - 17*u + 10. Give l(u).
28
Let b(t) be the first derivative of -14 - 6*t + 3/2*t**2. Let f be (0 + 3/6)*8. Give b(f).
6
Let q(r) = -r**3 + 8*r**2 + 6*r + 28. Let x be q(9). Let m(g) = 13*g**3 + 5*g - 5. Let u be m(x). Let d(z) = z**2 + 14 + 1 + 6*z - u. What is d(-5)?
-3
Let u(y) be the first derivative of -1/4*y**4 + 2*y - 160 + 2/3*y**3 - 3/2*y**2. Give u(3).
-16
Suppose -3954*h = -3946*h - 16. Let s(o) be the first derivative of 1 - 6*o - 4/3*o**3 - 1/4*o**4 + 5/2*o**h. Determine s(-5).
-6
Let q(b) be the third derivative of -b**5/12 - 29*b**4/24 + 11*b**3/6 - 1723*b**2. What is q(-6)?
5
Let g(d) be the first derivative of -10*d**3/3 - 7*d**2/2 - 8*d + 9498. What is g(-3)?
-77
Let m(z) = -z**2 + 3*z + 6. Suppose 0 = -9*r + 36*r - 162. Suppose 3*b - r*b - k = 8, 2*k - 11 = 3*b. Give m(b).
-12
Suppose -9 = 3*r + 3*f, -2*f = 3*r - 7 + 19. Let i be (11 - 13)*(r/4 + 1). Let v(m) = 8*m**3 - m**2 + m. Determine v(i).
8
Let q(f) = -f**3 + 3*f**2 - 2*f. Let n(w) = -2*w**2 + 7*w - 3. Let m be 3/(-4)*(-12)/9. Let g(l) = m*q(l) + n(l). Calculate g(3).
-6
Let k(z) = -2*z**2 - z - 3*z**2 - 58319 - 2*z**3 + 58322. Let n(m) = m**2 + 8*m + 9. Suppose 3*r + 6 = 2*r. Let f be n(r). Give k(f).
15
Let s(i) = -7*i + 231. Let v be (-9)/(-21) + 23/((-2576)/(-3648)). Give s(v).
0
Let a(t) = 15 + 36 - 38 - 2*t. Suppose 285*j - 33 = 282*j. What is a(j)?
-9
Let m(k) = -28*k - 3. Let i(l) = 81*l + 15. Let j(h) = 6*i(h) + 17*m(h). Determine j(-5).
-11
Let a(b) = 11*b**3 - 67*b**2 + 13*b + 49. Let r(t) = 7*t**3 - 44*t**2 + 8*t + 32. Let l(u) = -5*a(u) + 8*r(u). Let i(y) = 5*y + 7. Let d be i(2). Give l(d).
-6
Suppose -5*x + 37 = u, 0 = 2*x + 29*u - 27*u - 18. Suppose 5*r = 4 + 11. Let k(z) = 2*z - 3*z - 2*z**2 - 5*z + r*z**2. What is k(x)?
7
Let m(u) = u**2 - u + 7. Let y be m(-3). Let a(r) = -21*r + y*r + r - 11. Let l = 96 - 102. What is a(l)?
-5
Let j(x) = 7*x + 16. Let m(d) = -8*d**3 - 26*d**2 + 24*d + 1. Let b be m(1). What is j(b)?
-47
Let y(t) = 5*t + 6. Let j be y(-3). Let m be (-16)/(-12)*5/((-10)/j). Suppose -m*c + 3*f = -c + 1, -2*f + 1 = -3*c. Let o(z) = -10*z**2 - z. What is o(c)?
-11
Suppose -7*n - 74 - 38 = 0. Let k(c) be the third derivative of c**6/120 + c**5/4 - 2*c**4/3 - 5*c**3/6 - 3874*c**2. What is k(n)?
-5
Let b be 3/2*((-2506)/1611)/((-14)/12). Let x(f) = -f**3 + f**2 + 5. Calculate x(b).
1
Let r be -3 + (-3)/5*-15. Let z be ((-15)/r - 1)/(2/(-4)). Let i(h) = -3 + h**2 - h - 4*h - 5. Determine i(z).
6
Let a(h) = h**3 - 7*h**2 + 5*h + 4. Let o(f) = 8*f + 0 - 2*f - 3*f + 21. Let s be o(-4). Let b be (-9)/27 - (-57)/s. Give a(b).
-2
Let j(k) = -k - 40 + 10 + 30 - 2*k**2. Let v = -3 - -4. Let h be 2*3*v/6. What is j(h)?
-3
Let s = 56 - 56. Suppose f + 11*f - 24 = s. Let g(j) = -3*j**f - j**3 + j + 352 - 352. Give g(2).
-18
Let s be ((-16)/12)/((-4)/18). Let g(o) = -5*o - 12. Let w(f) = -19*f + 5*f + 13*f. Let x(c) = -g(c) + 6*w(c). Determine x(s).
6
Let m(y) be the third derivative of 122*y**2 + 1/3*y**3 + 0*y + 0 - 1/24*y**4. Calculate m(4).
-2
Let f(j) = -j**2 - 8*j - 7. Let c be f(-5). Let m(l) = -6*l**2 + l - 45. Let w(r) = 7*r**2 + 56. Let u(q) = 6*m(q) + 5*w(q). Determine u(c).
-6
Let r(d) = d**2 + 4*d + 3. Let q be (-42)/(-12 + 6) + 38. Suppose -154 = q*h - 23*h. Calculate r(h).
24
Let p(a) = -3*a**2 + 18*a. Suppose -79*r + 105 + 369 = 0. Calculate p(r).
0
Let r(l) = l - 3. Suppose 14*i - 10*i - 52 = 0. Suppose -i = -5*h - 3. Suppose -h*j + 41 = 35. What is r(j)?
0
Let j(g) = -5*g**2 - 31*g - 4. Let x be j(-6). Let i(k) = x + k - k - 3 + k. Calculate i(7).
6
Suppose 0 = -9*x - 2*x + 33. Suppose -x*n - 16 = 4*p, 0 = -4*p + 9*n - 6*n + 8. Let j(k) = -33*k**3 - 2*k**2 - 2*k - 1. Give j(p).
32
Let i(x) = x**2 - 7. Let l = -343 + 346. Suppose -4*p = -p, 5*j - l*p = 15. What is i(j)?
2
Let b(m) be the third derivative of 0*m - 10*m**2 - 1/120*m**5 - 1/6*m**4 - 4/3*m**3 + 0 + 1/360*m**6. Let y(p) be the first derivative of b(p). Determine y(0).
-4
Let k(z) = 232 + 11*z + 8 + 215 - 26*z + 82. Give k(36).
-3
Suppose 6*b = -b + 3059. Suppose -d = -432 + b. Let i(y) = -y - 6. Give i(d).
-1
Suppose -27*q + 15 = -39. Let y(d) = -236*d - 2*d**2 + d**3 + 229*d + 7 - 2*d**q. Determine y(5).
-3
Let n(h) = 2*h**2 - 4*h. Let j(y) = -22*y**2 + 35*y + 17. Let f(k) = -j(k) - 8*n(k). Determine f(-4).
91
Let d(s) = -s**3 - 22*s**2 - 13*s + 10. Let j be d(-23). Let z(w) = 1648 - 2*w - 825 - j. Give z(-11).
7
Let s(b) = -8*b**2 - 9588 + 4801 + 4800 - b**3 + 13*b. Give s(-9).
-23
Let h(b) = 22*b - 3. Suppose -5*v = -4*o + 22, -4*v - 7 - 4 = -o. What is h(o)?
63
Let n(z) = -z**3 - 140*z**2 - 138*z**2 + 9*z + 286*z**2 - 4. Calculate n(9).
-4
Let i(y) = y**2 - 8*y - 7. Suppose -16*d + 19*d + 3*q = 45, 5*q = -7*d + 91. Determine i(d).
-7
Let l(i) = -i**2 + 24*i - 80. Let v be l(20). Let c(u) = 2*u**3 + 4*u**2 - u - 3. Let s(n) = n**3 + 3*n**2 - n - 3. Let b(w) = 2*c(w) - 3*s(w). Give b(v).
3
Let j be (529 - (1 + -1)) + (-10)/2. Le